
{"id":373,"date":"2023-03-16T18:31:04","date_gmt":"2023-03-16T17:31:04","guid":{"rendered":"http:\/\/localhost\/?page_id=373"},"modified":"2024-03-20T02:03:48","modified_gmt":"2024-03-20T01:03:48","slug":"moto-klub-ravne-pri-zdolah-mkravne","status":"publish","type":"page","link":"https:\/\/ks-zdole.si\/index.php\/moto-klub-ravne-pri-zdolah-mkravne\/","title":{"rendered":"MOTO KLUB RAVNE &#8211; MKRAVNE"},"content":{"rendered":"\n<div class=\"wp-block-buttons is-content-justification-right is-layout-flex wp-container-core-buttons-is-layout-d445cf74 wp-block-buttons-is-layout-flex\">\n<div class=\"wp-block-button has-custom-font-size is-style-outline is-style-outline--1\" style=\"font-size:14px\"><a class=\"wp-block-button__link has-white-color has-text-color has-background wp-element-button\" href=\"https:\/\/mkravne.si\/?page_id=1314\" style=\"border-radius:10px;background-color:#044f70\" target=\"_blank\" rel=\"noreferrer noopener\">PISARNA<\/a><\/div>\n\n\n\n<div class=\"wp-block-button has-custom-font-size is-style-outline is-style-outline--2\" style=\"font-size:14px\"><a class=\"wp-block-button__link has-white-color has-text-color has-background wp-element-button\" href=\"https:\/\/www.mkravne.si\" style=\"border-radius:10px;background-color:#044f70\" target=\"_blank\" rel=\"noreferrer noopener\">SPLETNA STRAN<\/a><\/div>\n\n\n\n<div class=\"wp-block-button has-custom-font-size is-style-outline is-style-outline--3\" style=\"font-size:14px\"><a class=\"wp-block-button__link has-white-color has-text-color has-background wp-element-button\" href=\"https:\/\/www.facebook.com\/motoklub.ravne\" style=\"border-radius:10px;background-color:#044f70\" target=\"_blank\" rel=\"noreferrer noopener\">FACEBOOK<\/a><\/div>\n<\/div>\n\n\n\n<hr class=\"wp-block-separator has-alpha-channel-opacity\"\/>\n\n\n\n<div style=\"height:50px\" aria-hidden=\"true\" class=\"wp-block-spacer\"><\/div>\n\n\n\n<div class=\"wp-block-media-text is-stacked-on-mobile\" style=\"grid-template-columns:22% auto\"><figure class=\"wp-block-media-text__media\"><img loading=\"lazy\" decoding=\"async\" width=\"226\" height=\"223\" src=\"https:\/\/ks-zdole.si\/wp-content\/uploads\/2023\/04\/mkravne.jpeg\" alt=\"\" class=\"wp-image-507 size-full\" srcset=\"https:\/\/ks-zdole.si\/wp-content\/uploads\/2023\/04\/mkravne.jpeg 226w, https:\/\/ks-zdole.si\/wp-content\/uploads\/2023\/04\/mkravne-100x100.jpeg 100w\" sizes=\"auto, (max-width: 226px) 100vw, 226px\" \/><\/figure><div class=\"wp-block-media-text__content\">\n<p style=\"font-size:18px\"><em><strong>Moto klub Ravne pri Zdolah &#8211; MKRAVNE skrbi za varno vo\u017enjo jeklenih konji\u010dkov, prireja izlete z motorji in prireja prireditve. Glavna prireditev je Blagoslov motorjev v Ravnah pri Zdolah.<\/strong><\/em><\/p>\n<\/div><\/div>\n\n\n\n<div style=\"height:50px\" aria-hidden=\"true\" class=\"wp-block-spacer\"><\/div>\n\n\n\n<script type=\"text\/javascript\">\r\ndocument.addEventListener(\"DOMContentLoaded\", function(event) { \r\n\tjQuery( '#slider-pro-3-2373' ).sliderPro({\r\n\t\t\/\/width\r\n\t\t\t\twidth: 1000,\r\n\t\t\t\t\r\n\t\t\/\/height\r\n\t\t\t\theight: 500,\r\n\t\t\t\t\r\n\t\t\/\/auto play\r\n\t\t\t\tautoplay:  true,\r\n\t\tautoplayOnHover: 'none',\r\n\t\t\t\t\t\t\t\tautoplayDelay: 5000,\r\n\t\t\r\n\t\t\r\n\t\tarrows: true,\r\n\t\tbuttons: true,\r\n\t\tsmallSize: 500,\r\n\t\tmediumSize: 1000,\r\n\t\tlargeSize: 3000,\r\n\t\tfade: true,\r\n\t\t\r\n\t\t\/\/thumbnail\r\n\t\tthumbnailArrows: true,\r\n\t\tthumbnailWidth: 120,\r\n\t\tthumbnailHeight: 120,\r\n\t\t\t\t\t\tthumbnailsPosition: 'bottom',\r\n\t\t\t\t\t\tcenterImage: true,\r\n\t\timageScaleMode: 'cover',\r\n\t\tallowScaleUp: true,\r\n\t\t\t\tstartSlide: 0,\r\n\t\tloop: true,\r\n\t\tslideDistance: 5,\r\n\t\tautoplayDirection: 'normal',\r\n\t\ttouchSwipe: true,\r\n\t\tfullScreen: true,\r\n\t});\r\n});\r\n<\/script>\r\n\r\n\t\t<div id=\"slider-pro-3-2373\" class=\"slider-pro\">\r\n\t\t\t<!---- slides div start ---->\r\n\t\t\t<div class=\"sp-slides\">\r\n\t\t\t\t\t\t\t\t\t\t<div class=\"sp-slide\">\r\n\t\t\t\t\t\t\t<img decoding=\"async\" class=\"sp-image\" loading=\"lazy\" alt=\"mkravne_0\" src=\"https:\/\/ks-zdole.si\/wp-content\/plugins\/ultimate-responsive-image-slider\/assets\/css\/images\/blank.gif\" data-src=\"https:\/\/ks-zdole.si\/wp-content\/uploads\/2023\/07\/mkravne_0.jpg\" \/>\r\n\r\n\t\t\t\t\t\t\t\r\n\t\t\t\t\t\t\t\t\t\t\t\t\t<\/div>\r\n\t\t\t\t\t\t\t\t\t\t\t\t<div class=\"sp-slide\">\r\n\t\t\t\t\t\t\t<img decoding=\"async\" class=\"sp-image\" loading=\"lazy\" alt=\"24\" src=\"https:\/\/ks-zdole.si\/wp-content\/plugins\/ultimate-responsive-image-slider\/assets\/css\/images\/blank.gif\" data-src=\"https:\/\/ks-zdole.si\/wp-content\/uploads\/2023\/09\/24.jpg\" \/>\r\n\r\n\t\t\t\t\t\t\t\r\n\t\t\t\t\t\t\t\t\t\t\t\t\t<\/div>\r\n\t\t\t\t\t\t\t\t\t\t\t\t<div class=\"sp-slide\">\r\n\t\t\t\t\t\t\t<img decoding=\"async\" class=\"sp-image\" loading=\"lazy\" alt=\"19\" src=\"https:\/\/ks-zdole.si\/wp-content\/plugins\/ultimate-responsive-image-slider\/assets\/css\/images\/blank.gif\" data-src=\"https:\/\/ks-zdole.si\/wp-content\/uploads\/2023\/09\/19.jpg\" \/>\r\n\r\n\t\t\t\t\t\t\t\r\n\t\t\t\t\t\t\t\t\t\t\t\t\t<\/div>\r\n\t\t\t\t\t\t\t\t\t\t\t\t<div class=\"sp-slide\">\r\n\t\t\t\t\t\t\t<img decoding=\"async\" class=\"sp-image\" loading=\"lazy\" alt=\"12\" src=\"https:\/\/ks-zdole.si\/wp-content\/plugins\/ultimate-responsive-image-slider\/assets\/css\/images\/blank.gif\" data-src=\"https:\/\/ks-zdole.si\/wp-content\/uploads\/2023\/09\/12.jpg\" \/>\r\n\r\n\t\t\t\t\t\t\t\r\n\t\t\t\t\t\t\t\t\t\t\t\t\t<\/div>\r\n\t\t\t\t\t\t\t\t\t\t\t\t<div class=\"sp-slide\">\r\n\t\t\t\t\t\t\t<img decoding=\"async\" class=\"sp-image\" loading=\"lazy\" alt=\"2\" src=\"https:\/\/ks-zdole.si\/wp-content\/plugins\/ultimate-responsive-image-slider\/assets\/css\/images\/blank.gif\" data-src=\"https:\/\/ks-zdole.si\/wp-content\/uploads\/2023\/09\/2.jpg\" \/>\r\n\r\n\t\t\t\t\t\t\t\r\n\t\t\t\t\t\t\t\t\t\t\t\t\t<\/div>\r\n\t\t\t\t\t\t\t\t\t\t\t\t<div class=\"sp-slide\">\r\n\t\t\t\t\t\t\t<img decoding=\"async\" class=\"sp-image\" loading=\"lazy\" alt=\"5\" src=\"https:\/\/ks-zdole.si\/wp-content\/plugins\/ultimate-responsive-image-slider\/assets\/css\/images\/blank.gif\" data-src=\"https:\/\/ks-zdole.si\/wp-content\/uploads\/2023\/09\/5.jpg\" \/>\r\n\r\n\t\t\t\t\t\t\t\r\n\t\t\t\t\t\t\t\t\t\t\t\t\t<\/div>\r\n\t\t\t\t\t\t\t\t\t<\/div>\r\n\t\t\t\r\n\t\t\t<!---- slides div end ---->\r\n\t\t\t\t\t\t<!-- slides thumbnails div start -->\r\n\t\t\t<div class=\"sp-thumbnails\">\r\n\t\t\t\t\t\t\t\t\t\t<img decoding=\"async\" class=\"sp-thumbnail\" loading=\"lazy\" src=\"https:\/\/ks-zdole.si\/wp-content\/plugins\/ultimate-responsive-image-slider\/assets\/img\/loading.gif\" data-src=\"https:\/\/ks-zdole.si\/wp-content\/uploads\/2023\/07\/mkravne_0-300x168.jpg\" alt=\"mkravne_0\"\/>\r\n\t\t\t\t\t\t\t\t\t\t\t<img decoding=\"async\" class=\"sp-thumbnail\" loading=\"lazy\" src=\"https:\/\/ks-zdole.si\/wp-content\/plugins\/ultimate-responsive-image-slider\/assets\/img\/loading.gif\" data-src=\"https:\/\/ks-zdole.si\/wp-content\/uploads\/2023\/09\/24-300x201.jpg\" alt=\"24\"\/>\r\n\t\t\t\t\t\t\t\t\t\t\t<img decoding=\"async\" class=\"sp-thumbnail\" loading=\"lazy\" src=\"https:\/\/ks-zdole.si\/wp-content\/plugins\/ultimate-responsive-image-slider\/assets\/img\/loading.gif\" data-src=\"https:\/\/ks-zdole.si\/wp-content\/uploads\/2023\/09\/19-300x200.jpg\" alt=\"19\"\/>\r\n\t\t\t\t\t\t\t\t\t\t\t<img decoding=\"async\" class=\"sp-thumbnail\" loading=\"lazy\" src=\"https:\/\/ks-zdole.si\/wp-content\/plugins\/ultimate-responsive-image-slider\/assets\/img\/loading.gif\" data-src=\"https:\/\/ks-zdole.si\/wp-content\/uploads\/2023\/09\/12-300x169.jpg\" alt=\"12\"\/>\r\n\t\t\t\t\t\t\t\t\t\t\t<img decoding=\"async\" class=\"sp-thumbnail\" loading=\"lazy\" src=\"https:\/\/ks-zdole.si\/wp-content\/plugins\/ultimate-responsive-image-slider\/assets\/img\/loading.gif\" data-src=\"https:\/\/ks-zdole.si\/wp-content\/uploads\/2023\/09\/2-225x300.jpg\" alt=\"2\"\/>\r\n\t\t\t\t\t\t\t\t\t\t\t<img decoding=\"async\" class=\"sp-thumbnail\" loading=\"lazy\" src=\"https:\/\/ks-zdole.si\/wp-content\/plugins\/ultimate-responsive-image-slider\/assets\/img\/loading.gif\" data-src=\"https:\/\/ks-zdole.si\/wp-content\/uploads\/2023\/09\/5-300x225.jpg\" alt=\"5\"\/>\r\n\t\t\t\t\t\t\t\t<\/div>\r\n\t\t\t\t\t\t<!-- slides thumbnails div end -->\r\n\t\t<\/div>\r\n\t\t<style>\r\n\/* Layout 3 *\/\r\n\/* border *\/\r\n#slider-pro-3-2373 .sp-selected-thumbnail {\r\n\tborder: 4px solid #000000;\r\n}\r\n\r\n\/* font + color *\/\r\n.title-in  {\r\n\tfont-family: Arial !important;\r\n\tcolor: #FFFFFF !important;\r\n\tbackground-color: #000000 !important;\r\n\topacity: 0.7 !important;\r\n}\r\n.desc-in  {\r\n\tfont-family: Arial !important;\r\n\tcolor: #FFFFFF !important;\r\n\tbackground-color: #00000 !important;\r\n\topacity: 0.7 !important;\r\n}\r\n\r\n\/* bullets color *\/\r\n.sp-button  {\r\n\tborder: 2px solid #000000 !important;\r\n}\r\n.sp-selected-button  {\r\n\tbackground-color: #000000 !important;\r\n}\r\n\r\n\/* pointer color - bottom *\/\r\n.sp-selected-thumbnail::before {\r\n\tborder-bottom: 5px solid #000000 !important;\r\n}\r\n.sp-selected-thumbnail::after {\r\n\tborder-bottom: 13px solid #000000 !important;\r\n}\r\n\r\n\/* pointer color - top *\/\r\n\r\n\/* full screen icon *\/\r\n.sp-full-screen-button::before {\r\n    color: #FFFFFF !important;\r\n}\r\n\r\n\/* hover navigation icon color *\/\r\n.sp-next-arrow::after, .sp-next-arrow::before {\r\n\tbackground-color: #FFFFFF !important;\r\n}\r\n.sp-previous-arrow::after, .sp-previous-arrow::before {\r\n\tbackground-color: #FFFFFF !important;\r\n}\r\n\r\n#slider-pro-3-2373 .title-in {\r\n\tcolor: #FFFFFF !important;\r\n\tfont-weight: bolder;\r\n\ttext-align: center;\r\n}\r\n\r\n#slider-pro-3-2373 .title-in-bg {\r\n\tbackground: rgba(255, 255, 255, 0.7); !important;\r\n\twhite-space: unset !important;\r\n\ttransform: initial !important;\r\n\t-webkit-transform: initial !important;\r\n\tfont-size: 14px !important;\r\n}\r\n\r\n#slider-pro-3-2373 .desc-in {\r\n\tcolor: #FFFFFF !important;\r\n\ttext-align: center;\r\n}\r\n#slider-pro-3-2373 .desc-in-bg {\r\n\tbackground: rgba(#00000, 0.7) !important;\r\n\twhite-space: unset !important;\r\n\ttransform: initial !important;\r\n\t-webkit-transform: initial !important;\r\n\tfont-size: 13px !important;\r\n}\r\n\r\n@media (max-width: 640px) {\r\n\t#slider-pro-3-2373 .hide-small-screen {\r\n\t\tdisplay: none;\r\n\t}\r\n}\r\n\r\n@media (max-width: 860px) {\r\n\t#slider-pro-3-2373 .sp-layer {\r\n\t\tfont-size: 18px;\r\n\t}\r\n\t\r\n\t#slider-pro-3-2373 .hide-medium-screen {\r\n\t\tdisplay: none;\r\n\t}\r\n}\r\n.slides-not-found {\r\n\tbackground-color: #a92929;\r\n\tborder-radius: 5px;\r\n\tcolor: #fff;\r\n\tfont-family: initial;\r\n\ttext-align: center;\r\n\tpadding:12px;\r\n}\r\n\/* Custom CSS *\/\r\n<\/style>\r\n\n\n\n\n<div style=\"height:50px\" aria-hidden=\"true\" class=\"wp-block-spacer\"><\/div>\n\n\n\n<p><strong>Osnovni podatki:<\/strong><\/p>\n\n\n\n<ul class=\"wp-block-list\">\n<li>Datum vpisa:<strong> 26. 11. 2009<\/strong><\/li>\n\n\n\n<li>\u0160tevilo \u010dlanov: <strong>23<\/strong><\/li>\n\n\n\n<li>Zastopnik: <strong>Du\u0161an \u010cerneli\u010d<\/strong><\/li>\n\n\n\n<li>Telefon: <strong>051 710 972<\/strong><\/li>\n\n\n\n<li>E-po\u0161ta; <strong>dusancernelic@gmail.com<\/strong><\/li>\n\n\n\n<li>Sede\u017e: <strong>Ravne pri Zdolah 11A, 8272 Zdole<\/strong><\/li>\n\n\n\n<li>Dav\u010dna \u0161tevilka: <strong>34278737<\/strong><\/li>\n\n\n\n<li>Mati\u010dna \u0161tevilka: <strong>4015606000<\/strong><\/li>\n\n\n\n<li>IBAN: <strong>SI56 6100 0002 8032 862<\/strong><\/li>\n<\/ul>\n\n\n\n<div style=\"height:50px\" aria-hidden=\"true\" class=\"wp-block-spacer\"><\/div>\n\n\n\n<h1 class=\"wp-block-heading\">MK RAVNE &#8211; OBJAVE<\/h1>\n\n\n<ul class=\"wp-block-latest-posts__list has-dates wp-block-latest-posts\"><li><a class=\"wp-block-latest-posts__post-title\" href=\"https:\/\/ks-zdole.si\/index.php\/2025\/04\/10\/prisrcno-vabljeni-na-jurjeve-dogodke\/\">Prisr\u010dno vabljeni na &#8220;JURJEVE DOGODKE&#8221;<\/a><time datetime=\"2025-04-10T17:47:44+01:00\" class=\"wp-block-latest-posts__post-date\">10 aprila, 2025<\/time><\/li>\n<li><a class=\"wp-block-latest-posts__post-title\" href=\"https:\/\/ks-zdole.si\/index.php\/2025\/03\/26\/mk-ravne-blagoslov-motorjev-2025\/\">MK-RAVNE, BLAGOSLOV MOTORJEV 2025<\/a><time datetime=\"2025-03-26T19:51:51+01:00\" class=\"wp-block-latest-posts__post-date\">26 marca, 2025<\/time><\/li>\n<li><a class=\"wp-block-latest-posts__post-title\" href=\"https:\/\/ks-zdole.si\/index.php\/2024\/03\/13\/mk-ravne-prireja-blagoslov-motorjev-2024\/\">MK-Ravne prireja blagoslov motorjev &#8211; 2024<\/a><time datetime=\"2024-03-13T16:09:31+01:00\" class=\"wp-block-latest-posts__post-date\">13 marca, 2024<\/time><\/li>\n<\/ul>\n\n\n<p class=\"has-text-align-left\"><a href=\"https:\/\/ks-zdole.si\/index.php\/category\/drustva\/moto-klub-ravne\/\" data-type=\"category\" data-id=\"17\">Vse objave&#8230;<\/a><\/p>\n\n\n\n<div style=\"height:50px\" aria-hidden=\"true\" class=\"wp-block-spacer\"><\/div>\n","protected":false},"excerpt":{"rendered":"<p>Moto klub Ravne pri Zdolah &#8211; MKRAVNE skrbi za varno vo\u017enjo jeklenih konji\u010dkov, prireja izlete z motorji in prireja prireditve. Glavna prireditev je Blagoslov motorjev v Ravnah pri Zdolah. Osnovni podatki: MK RAVNE &#8211; OBJAVE Vse objave&#8230;<\/p>\n","protected":false},"author":1,"featured_media":0,"parent":0,"menu_order":0,"comment_status":"closed","ping_status":"closed","template":"","meta":{"_mc_calendar":[],"footnotes":""},"class_list":["post-373","page","type-page","status-publish","hentry"],"yoast_head":"<!-- This site is optimized with the Yoast SEO plugin v27.4 - https:\/\/yoast.com\/product\/yoast-seo-wordpress\/ -->\n<title>MOTO KLUB RAVNE - MKRAVNE - KS - ZDOLE<\/title>\n<meta name=\"robots\" content=\"index, follow, max-snippet:-1, max-image-preview:large, max-video-preview:-1\" \/>\n<link rel=\"canonical\" href=\"https:\/\/ks-zdole.si\/index.php\/moto-klub-ravne-pri-zdolah-mkravne\/\" \/>\n<meta property=\"og:locale\" content=\"sl_SI\" \/>\n<meta property=\"og:type\" content=\"article\" \/>\n<meta property=\"og:title\" content=\"MOTO KLUB RAVNE - MKRAVNE - KS - ZDOLE\" \/>\n<meta property=\"og:description\" content=\"Moto klub Ravne pri Zdolah &#8211; MKRAVNE skrbi za varno vo\u017enjo jeklenih konji\u010dkov, prireja izlete z motorji in prireja prireditve. Glavna prireditev je Blagoslov motorjev v Ravnah pri Zdolah. Osnovni podatki: MK RAVNE &#8211; OBJAVE Vse objave&#8230;\" \/>\n<meta property=\"og:url\" content=\"https:\/\/ks-zdole.si\/index.php\/moto-klub-ravne-pri-zdolah-mkravne\/\" \/>\n<meta property=\"og:site_name\" content=\"KS - ZDOLE\" \/>\n<meta property=\"article:modified_time\" content=\"2024-03-20T01:03:48+00:00\" \/>\n<meta property=\"og:image\" content=\"https:\/\/ks-zdole.si\/wp-content\/uploads\/2023\/04\/mkravne.jpeg\" \/>\n<meta name=\"twitter:card\" content=\"summary_large_image\" \/>\n<meta name=\"twitter:label1\" content=\"Est. reading time\" \/>\n\t<meta name=\"twitter:data1\" content=\"1 minuta\" \/>\n<script type=\"application\/ld+json\" class=\"yoast-schema-graph\">{\"@context\":\"https:\\\/\\\/schema.org\",\"@graph\":[{\"@type\":\"WebPage\",\"@id\":\"https:\\\/\\\/ks-zdole.si\\\/index.php\\\/moto-klub-ravne-pri-zdolah-mkravne\\\/\",\"url\":\"https:\\\/\\\/ks-zdole.si\\\/index.php\\\/moto-klub-ravne-pri-zdolah-mkravne\\\/\",\"name\":\"MOTO KLUB RAVNE - MKRAVNE - KS - ZDOLE\",\"isPartOf\":{\"@id\":\"https:\\\/\\\/ks-zdole.si\\\/#website\"},\"primaryImageOfPage\":{\"@id\":\"https:\\\/\\\/ks-zdole.si\\\/index.php\\\/moto-klub-ravne-pri-zdolah-mkravne\\\/#primaryimage\"},\"image\":{\"@id\":\"https:\\\/\\\/ks-zdole.si\\\/index.php\\\/moto-klub-ravne-pri-zdolah-mkravne\\\/#primaryimage\"},\"thumbnailUrl\":\"https:\\\/\\\/ks-zdole.si\\\/wp-content\\\/uploads\\\/2023\\\/04\\\/mkravne.jpeg\",\"datePublished\":\"2023-03-16T17:31:04+00:00\",\"dateModified\":\"2024-03-20T01:03:48+00:00\",\"breadcrumb\":{\"@id\":\"https:\\\/\\\/ks-zdole.si\\\/index.php\\\/moto-klub-ravne-pri-zdolah-mkravne\\\/#breadcrumb\"},\"inLanguage\":\"sl-SI\",\"potentialAction\":[{\"@type\":\"ReadAction\",\"target\":[\"https:\\\/\\\/ks-zdole.si\\\/index.php\\\/moto-klub-ravne-pri-zdolah-mkravne\\\/\"]}]},{\"@type\":\"ImageObject\",\"inLanguage\":\"sl-SI\",\"@id\":\"https:\\\/\\\/ks-zdole.si\\\/index.php\\\/moto-klub-ravne-pri-zdolah-mkravne\\\/#primaryimage\",\"url\":\"https:\\\/\\\/ks-zdole.si\\\/wp-content\\\/uploads\\\/2023\\\/04\\\/mkravne.jpeg\",\"contentUrl\":\"https:\\\/\\\/ks-zdole.si\\\/wp-content\\\/uploads\\\/2023\\\/04\\\/mkravne.jpeg\",\"width\":226,\"height\":223},{\"@type\":\"BreadcrumbList\",\"@id\":\"https:\\\/\\\/ks-zdole.si\\\/index.php\\\/moto-klub-ravne-pri-zdolah-mkravne\\\/#breadcrumb\",\"itemListElement\":[{\"@type\":\"ListItem\",\"position\":1,\"name\":\"Home\",\"item\":\"https:\\\/\\\/ks-zdole.si\\\/\"},{\"@type\":\"ListItem\",\"position\":2,\"name\":\"MOTO KLUB RAVNE &#8211; MKRAVNE\"}]},{\"@type\":\"WebSite\",\"@id\":\"https:\\\/\\\/ks-zdole.si\\\/#website\",\"url\":\"https:\\\/\\\/ks-zdole.si\\\/\",\"name\":\"KS - ZDOLE\",\"description\":\"Zdole, lu\u010d sveta!\",\"publisher\":{\"@id\":\"https:\\\/\\\/ks-zdole.si\\\/#organization\"},\"potentialAction\":[{\"@type\":\"SearchAction\",\"target\":{\"@type\":\"EntryPoint\",\"urlTemplate\":\"https:\\\/\\\/ks-zdole.si\\\/?s={search_term_string}\"},\"query-input\":{\"@type\":\"PropertyValueSpecification\",\"valueRequired\":true,\"valueName\":\"search_term_string\"}}],\"inLanguage\":\"sl-SI\"},{\"@type\":\"Organization\",\"@id\":\"https:\\\/\\\/ks-zdole.si\\\/#organization\",\"name\":\"KS - ZDOLE\",\"url\":\"https:\\\/\\\/ks-zdole.si\\\/\",\"logo\":{\"@type\":\"ImageObject\",\"inLanguage\":\"sl-SI\",\"@id\":\"https:\\\/\\\/ks-zdole.si\\\/#\\\/schema\\\/logo\\\/image\\\/\",\"url\":\"https:\\\/\\\/ks-zdole.si\\\/wp-content\\\/uploads\\\/2024\\\/04\\\/grb_zdole_150.png\",\"contentUrl\":\"https:\\\/\\\/ks-zdole.si\\\/wp-content\\\/uploads\\\/2024\\\/04\\\/grb_zdole_150.png\",\"width\":150,\"height\":184,\"caption\":\"KS - ZDOLE\"},\"image\":{\"@id\":\"https:\\\/\\\/ks-zdole.si\\\/#\\\/schema\\\/logo\\\/image\\\/\"}}]}<\/script>\n<!-- \/ Yoast SEO plugin. -->","yoast_head_json":{"title":"MOTO KLUB RAVNE - MKRAVNE - KS - ZDOLE","robots":{"index":"index","follow":"follow","max-snippet":"max-snippet:-1","max-image-preview":"max-image-preview:large","max-video-preview":"max-video-preview:-1"},"canonical":"https:\/\/ks-zdole.si\/index.php\/moto-klub-ravne-pri-zdolah-mkravne\/","og_locale":"sl_SI","og_type":"article","og_title":"MOTO KLUB RAVNE - MKRAVNE - KS - ZDOLE","og_description":"Moto klub Ravne pri Zdolah &#8211; MKRAVNE skrbi za varno vo\u017enjo jeklenih konji\u010dkov, prireja izlete z motorji in prireja prireditve. Glavna prireditev je Blagoslov motorjev v Ravnah pri Zdolah. Osnovni podatki: MK RAVNE &#8211; OBJAVE Vse objave&#8230;","og_url":"https:\/\/ks-zdole.si\/index.php\/moto-klub-ravne-pri-zdolah-mkravne\/","og_site_name":"KS - ZDOLE","article_modified_time":"2024-03-20T01:03:48+00:00","og_image":[{"url":"https:\/\/ks-zdole.si\/wp-content\/uploads\/2023\/04\/mkravne.jpeg","type":"","width":"","height":""}],"twitter_card":"summary_large_image","twitter_misc":{"Est. reading time":"1 minuta"},"schema":{"@context":"https:\/\/schema.org","@graph":[{"@type":"WebPage","@id":"https:\/\/ks-zdole.si\/index.php\/moto-klub-ravne-pri-zdolah-mkravne\/","url":"https:\/\/ks-zdole.si\/index.php\/moto-klub-ravne-pri-zdolah-mkravne\/","name":"MOTO KLUB RAVNE - MKRAVNE - KS - ZDOLE","isPartOf":{"@id":"https:\/\/ks-zdole.si\/#website"},"primaryImageOfPage":{"@id":"https:\/\/ks-zdole.si\/index.php\/moto-klub-ravne-pri-zdolah-mkravne\/#primaryimage"},"image":{"@id":"https:\/\/ks-zdole.si\/index.php\/moto-klub-ravne-pri-zdolah-mkravne\/#primaryimage"},"thumbnailUrl":"https:\/\/ks-zdole.si\/wp-content\/uploads\/2023\/04\/mkravne.jpeg","datePublished":"2023-03-16T17:31:04+00:00","dateModified":"2024-03-20T01:03:48+00:00","breadcrumb":{"@id":"https:\/\/ks-zdole.si\/index.php\/moto-klub-ravne-pri-zdolah-mkravne\/#breadcrumb"},"inLanguage":"sl-SI","potentialAction":[{"@type":"ReadAction","target":["https:\/\/ks-zdole.si\/index.php\/moto-klub-ravne-pri-zdolah-mkravne\/"]}]},{"@type":"ImageObject","inLanguage":"sl-SI","@id":"https:\/\/ks-zdole.si\/index.php\/moto-klub-ravne-pri-zdolah-mkravne\/#primaryimage","url":"https:\/\/ks-zdole.si\/wp-content\/uploads\/2023\/04\/mkravne.jpeg","contentUrl":"https:\/\/ks-zdole.si\/wp-content\/uploads\/2023\/04\/mkravne.jpeg","width":226,"height":223},{"@type":"BreadcrumbList","@id":"https:\/\/ks-zdole.si\/index.php\/moto-klub-ravne-pri-zdolah-mkravne\/#breadcrumb","itemListElement":[{"@type":"ListItem","position":1,"name":"Home","item":"https:\/\/ks-zdole.si\/"},{"@type":"ListItem","position":2,"name":"MOTO KLUB RAVNE &#8211; MKRAVNE"}]},{"@type":"WebSite","@id":"https:\/\/ks-zdole.si\/#website","url":"https:\/\/ks-zdole.si\/","name":"KS - ZDOLE","description":"Zdole, lu\u010d sveta!","publisher":{"@id":"https:\/\/ks-zdole.si\/#organization"},"potentialAction":[{"@type":"SearchAction","target":{"@type":"EntryPoint","urlTemplate":"https:\/\/ks-zdole.si\/?s={search_term_string}"},"query-input":{"@type":"PropertyValueSpecification","valueRequired":true,"valueName":"search_term_string"}}],"inLanguage":"sl-SI"},{"@type":"Organization","@id":"https:\/\/ks-zdole.si\/#organization","name":"KS - ZDOLE","url":"https:\/\/ks-zdole.si\/","logo":{"@type":"ImageObject","inLanguage":"sl-SI","@id":"https:\/\/ks-zdole.si\/#\/schema\/logo\/image\/","url":"https:\/\/ks-zdole.si\/wp-content\/uploads\/2024\/04\/grb_zdole_150.png","contentUrl":"https:\/\/ks-zdole.si\/wp-content\/uploads\/2024\/04\/grb_zdole_150.png","width":150,"height":184,"caption":"KS - ZDOLE"},"image":{"@id":"https:\/\/ks-zdole.si\/#\/schema\/logo\/image\/"}}]}},"_links":{"self":[{"href":"https:\/\/ks-zdole.si\/index.php\/wp-json\/wp\/v2\/pages\/373","targetHints":{"allow":["GET"]}}],"collection":[{"href":"https:\/\/ks-zdole.si\/index.php\/wp-json\/wp\/v2\/pages"}],"about":[{"href":"https:\/\/ks-zdole.si\/index.php\/wp-json\/wp\/v2\/types\/page"}],"author":[{"embeddable":true,"href":"https:\/\/ks-zdole.si\/index.php\/wp-json\/wp\/v2\/users\/1"}],"replies":[{"embeddable":true,"href":"https:\/\/ks-zdole.si\/index.php\/wp-json\/wp\/v2\/comments?post=373"}],"version-history":[{"count":43,"href":"https:\/\/ks-zdole.si\/index.php\/wp-json\/wp\/v2\/pages\/373\/revisions"}],"predecessor-version":[{"id":4510,"href":"https:\/\/ks-zdole.si\/index.php\/wp-json\/wp\/v2\/pages\/373\/revisions\/4510"}],"wp:attachment":[{"href":"https:\/\/ks-zdole.si\/index.php\/wp-json\/wp\/v2\/media?parent=373"}],"curies":[{"name":"wp","href":"https:\/\/api.w.org\/{rel}","templated":true}]}}